/3*(-2 + 8)?
2, 3, 11
Let c be (3/(-9))/(2/(-66)). Let l = 15 - c. Suppose 3*a - 12 = -6*g + g, -l*a + 5 = 3*g. What are the prime factors of g?
3
What are the prime factors of (-2*6/4 - -5) + 279?
281
Suppose 4*l + 1 - 21 = 0. Let p be 5*(1 - (-9)/5). Suppose -3*d - p = -l*d. What are the prime factors of d?
7
Let s(j) = 2 + j - 7 + 3. What are the prime factors of s(5)?
3
Suppose 5*m + 5 = 25. What are the prime factors of (-6)/1 + m - -26?
2, 3
Suppose 3 = -x + 2*x. Suppose 0 = -x*w + 2 + 13. List the prime factors of w.
5
Let d = 4 + 19. What are the prime factors of d?
23
Let h(a) = -16*a - 8. List the prime factors of h(-7).
2, 13
Let r = -12 + 28. List the prime factors of r.
2
Let j = -13 - -18. Let d(s) = -s**3 + 6*s**2 - 3*s - 4. Let q be d(j). Let y = -4 + q. What are the prime factors of y?
2
Let q be 12/9*(-1 - -7). Suppose -24 = -4*i - 0*i + 4*t, -3*i + q = 2*t. Suppose 2*k - 12 = -i*z + 24, -k = -4*z. What are the prime factors of k?
2, 3
Suppose 4 = -s - 4*c + 5*c, -2*c = -6. Let x = 3 - s. Let g = x + -2. List the prime factors of g.
2
Suppose -3*g = -g - 10. Suppose 0 = g*h - 20. What are the prime factors of h?
2
Let f = 100 - 40. Suppose 0 = l + 2*l - f. List the prime factors of l.
2, 5
Suppose 28 + 42 = -q. Let o = q + 118. What are the prime factors of o?
2, 3
Suppose 2 + 13 = 3*s. Suppose s*r + 10 = 0, 0*b - 3*r - 66 = -5*b. Suppose 2*a = 4*a - b. What are the prime factors of a?
2, 3
Let h(z) = z**3 + 5*z**2 - 8*z - 8. Let j = -1 + -5. Let q be h(j). Suppose -x + q*x = 15. What are the prime factors of x?
5
Let v(y) = -y**3 - 7*y**2 + 8*y + 3. Let f be v(-8). Suppose -f*m + 33 = -3*a, 0 = m + 4*a + 1 - 2. Let o = 20 - m. What are the prime factors of o?
11
Suppose l = 28 + 15. Let w be (-1)/(-3) + l/(-3). List the prime factors of (w/4)/(2/(-4)).
7
Let u = 26 - 10. Suppose 4*v - u = 0, 3*x - 4*v + v - 75 = 0. List the prime factors of x.
29
Suppose 87 + 1 = 4*w. What are the prime factors of w?
2, 11
Suppose -4*v + 182 + 182 = 0. What are the prime factors of v?
7, 13
Let t(c) = c**2 + 2*c + 4 + c - c. Let o be t(-4). Suppose 5*p = -2 + o. What are the prime factors of p?
2
Let l be 6/(-4)*8/6. Let v be (-1)/(1/l*1). Let r = 11 - v. What are the prime factors of r?
3
Let f be 3/(-1) + 17/(-1). List the prime factors of ((-16)/f)/(2/85).
2, 17
Suppose 0*y + 2*y = -58. Let r = 40 + y. Let j = -8 + r. What are the prime factors of j?
3
Let p(w) = -w**3 + 4*w**2 + w. Let l be p(4). Suppose l*t - 80 = -t. Let y = 27 - t. What are the prime factors of y?
11
Suppose 2*k - 70 = -16. What are the prime factors of k?
3
Let q(s) = s**2 + 7*s + 10. Let m be q(-7). Let y = m - -1. What are the prime factors of y?
11
Let w(i) = -i**3 - i**2 + 1. Let g = 0 + 0. Let v be w(g). Suppose 5*c + v - 21 = 0. What are the prime factors of c?
2
Suppose 0 = s - 4*o - 8, -5*s + 6 = -5*o + 11. Let l(y) be the third derivative of -y**4/8 - y**3/2 + y**2. What are the prime factors of l(s)?
3
Suppose 0 = 4*k - 3*k + w - 5, -k - 20 = -4*w. Suppose 0*c + 5*c - 10 = k. List the prime factors of -2*((-11)/c - 0).
11
List the prime factors of (4/12)/(2/354).
59
Let y = 2 + -3. Let t(g) = -g**2 - 14*g**3 - 3704*g + 3704*g. What are the prime factors of t(y)?
13
Let g be (4/6)/((-5)/(-45)). Suppose -3*d = -2*z + 21, -3*z + 6*z + 3*d + g = 0. Suppose 7 = -2*x + z*x. What are the prime factors of x?
7
Suppose p = -a + 13, p - 28 = -4*a + 12. Suppose 0 = -a*w + 4*w - d - 40, -4*w - 3*d - 32 = 0. Let s(y) = -4*y - 11. What are the prime factors of s(w)?
3, 7
Suppose x + 80 = 3*x. List the prime factors of x.
2, 5
Suppose -305 = -3*v - 4*q + 2*q, 330 = 3*v - 3*q. What are the prime factors of v?
3, 5, 7
Let f = 1 + -1. Let i be f/(3 - 2) - 0. Suppose i = -d - 4 + 13. List the prime factors of d.
3
Let x = 72 + -33. Suppose -10 = -5*c + c - 2*b, -8 = -5*c - 4*b. What are the prime factors of 1/c + x/4?
2, 5
Let g be (-2 + 4 + -1)*156. Suppose 0 = 4*j + 2*l - 0*l - g, -5*l - 165 = -5*j. Suppose 33 = 5*k - j. What are the prime factors of k?
2, 7
Let a(y) = 13*y**2 + y + 4. Let g(x) = x + 1. Let j(q) = a(q) - 3*g(q). What are the prime factors of j(1)?
2, 3
Let i(t) = -96*t - 1. List the prime factors of i(-1).
5, 19
Let t be (3/(-2))/(6/(-20)). Suppose 10 = n + 5*z, 5*n + t*z + 17 = 167. Suppose n = 5*b + c, 5*b - 3*b = -4*c - 4. What are the prime factors of b?
2
List the prime factors of ((-54)/(-21))/((-30)/(-14) + -2).
2, 3
Let x(y) = -y**3 + 11*y**2 - 9*y - 10. Let l be x(10). Suppose 3*d - 50 - 10 = l. What are the prime factors of d?
2, 5
Let w(x) be the second derivative of 2*x**3/3 + 7*x**2 - 7*x. List the prime factors of w(8).
2, 23
Suppose -5*s - 6*x + 2*x = -13, 3*s = -5*x + 13. Suppose -z - 3*c = -3*z - 50, 4*z = -c - 86. What are the prime factors of (-1)/s + (-2 - z)?
19
Suppose 2*k = -4*s + 14, 4*s + 3*k - 18 = 5*k. Suppose 0 = s*u - 15 - 29. Let c = u + -5. List the prime factors of c.
2, 3
Let m = 8 + -15. Let k be 3*1 - (-6 - m). Suppose 3*o + k*o + i = 27, i = -3*o + 17. What are the prime factors of o?
5
Suppose 18 = 2*a - 6. Suppose x - 3 = a. Let z = 25 - x. What are the prime factors of z?
2, 5
List the prime factors of 60/2 - 3/(-3).
31
Suppose -4*o - 85 = -9*o. Let p = o - 4. List the prime factors of p.
13
List the prime factors of (91/4)/7*12.
3, 13
Suppose -32 = -16*t + 15*t. List the prime factors of t.
2
Suppose -l + 5 = -3. Suppose 2*s - l = -2*s. Suppose 3*g = -5*v + 6*g + 25, v - 2*g = -s. What are the prime factors of v?
2
Let a(i) = 9*i + 3. What are the prime factors of a(5)?
2, 3
Let x be (-2)/3*75/(-10). Suppose 2*s = s - 3*d + 19, 0 = -5*s + x*d + 155. What are the prime factors of s?
2, 7
Let l be (1 - -5) + -1 + -2. Let h(t) = -t**3 + 6*t**2 - t + 2. Let g be h(l). Suppose 4*q = 6*b - b - 29, 0 = 5*b - q - g. List the prime factors of b.
5
Let h = 7 - 4. Let c(o) = -13*o + 5*o - 2*o**3 + 3*o**2 + 2 + h*o**3 - 11*o**2. List the prime factors of c(9).
11
Suppose -g + 29 = -0*g + 2*p, 0 = -5*p - 20. List the prime factors of g.
37
Suppose 3*t - t - 4*p - 248 = 0, 0 = 5*p + 15. List the prime factors of t.
2, 59
Let m = -23 - -14. What are the prime factors of -1 + (3 - 5) - m?
2, 3
Let l(k) = 5 - k + 5 - 6. Let j be l(5). Let c = 6 - j. List the prime factors of c.
7
Suppose 2*n = -0*n + 4. List the prime factors of 1/2*2*n.
2
Let b(q) = 7*q - 1. Let x be b(3). Suppose i + o = 10, -i + 3*o = -2*i + x. What are the prime factors of i?
5
What are the prime factors of (-31)/(-3) - (-2)/3?
11
Suppose -7*o = -2*o + 20. What are the prime factors of 1 + o - 36/(-1)?
3, 11
Suppose -82*s = -85*s + 384. What are the prime factors of s?
2
Let c = 5 - 0. Suppose 7 + 3 = c*p. Suppose p - 4 = -s. What are the prime factors of s?
2
Let b(n) = -5*n**2 + 5*n + n - 9*n - n**3 - 2. List the prime factors of b(-5).
13
Let m(z) = z**3 + 2*z**2 - z + 1. Let j be m(-3). Let b = j - -5. Let k = 10 - b. List the prime factors of k.
2, 5
Let l(v) = 18*v**2 - 2*v - 1. Let b be l(2). Suppose -4*a + 47 = -5*q, 4*a - 5*q = -4*q + b. List the prime factors of a.
2, 3
Suppose 4*k + 3*t = 282, 1 = 5*t + 11. List the prime factors of k.
2, 3
Let j be 14/6 - (-4)/6. Suppose j*m = m. Suppose -2*p + i + 9 = m, -4*i - 19 = -4*p - i. What are the prime factors of p?
2
Let z(v) = v**2 + 2*v + 98. Let a be z(0). List the prime factors of 1/(-4) - a/(-8).
2, 3
Let r = 96 - 52. List the prime factors of r.
2, 11
Let y(g) = g - 2. Let z(b) = b - 2. Let m(w) = 3*y(w) - 4*z(w). Suppose 5*i - 4*v = -14, 0*i - 5*i - 5*v - 50 = 0. What are the prime factors of m(i)?
2
Let x = -69 - -40. Let t = x + 46. List the prime factors of t.
17
Suppose 3*z = 0, 0*z = 5*g - 3*z - 20. List the prime factors of g.
2
Suppose -y = -5*p - 2 - 8, 2*p - 20 = -2*y. List the prime factors of y.
2, 5
Let v(p) be the second derivative of -p**5/20 + p**3/3 + 3*p**2/2 + 7*p. List the prime factors of v(-2).
7
Let v be 11/4 - (-1)/4. Suppose -v*x + 7*x + 20 = -5*k, 0 = x + 3*k + 12. Suppose 1 = -3*t + 3*i + 13, 3*t - i - 16 = x. List the prime factors of t.
2, 3
Let y(s) be the first derivative of -s**4/4 + 8*s**3/3 + 5*s**2/2 - 12*s + 4. List the prime factors of y(8).
2, 7
Let w(j) = j**2 + 18*j + 23. Let c be w(-17). Let x(n) = 9*n - 7. List the prime factors of x(c).
47
Let k(t) = -4*t